 Suppose 2*a + 44 = 4*m, -a = 2*a. Calculate the remainder when u is divided by 4/((m/33)/(14/12)).
12
What is the remainder when (125 + -2)*1 - (-11 + 16) is divided by 11?
8
Suppose 0 = r - 3*h - 50, -2*h = -5*r + h + 202. What is the remainder when r is divided by 22?
16
Suppose -6*t = 5*x - 8*t - 1786, 3*t + 1426 = 4*x. Calculate the remainder when x is divided by 11.
6
Suppose -285 = -2*o - o. Let g be ((-188)/(-10))/((-1)/(25/5)). Let y = g + 118. What is the remainder when o is divided by y?
23
Let i(y) = -4*y + 14. Let u(l) = 12*l - 42. Let o(v) = 7*i(v) + 2*u(v). Calculate the remainder when 41 is divided by o(0).
13
Let s = -26 + 91. Let g(t) = -t**3 + 6*t**2 + 11*t - 4. Let i be g(7). Let y = -7 + i. Calculate the remainder when s is divided by y.
14
Let y = -1137 + 1230. Calculate the remainder when 96 is divided by y.
3
Let b = -52 - -52. Suppose b = -4*j + 12*j - 56. Let u = 38 + -11. Calculate the remainder when u is divided by j.
6
Suppose -2*k + 5 = -k. Let i = -5 - -10. What is the remainder when i/10*1*18 is divided by k?
4
Let r(s) = 44*s**2 + 2*s + 1. Let z(a) = a**2 + 5*a + 3. Let x be z(-4). Calculate the remainder when r(x) is divided by 23.
20
Let t(y) = -7*y - 13. Let d be (-2)/10 - (-42)/(-15). What is the remainder when t(d) is divided by 3?
2
Let a = 19 - -8. Let i be (-2)/13 + 80/13. What is the remainder when a is divided by 3 - i - -17 - -1?
12
Suppose -4*n = -12*n + 16. Suppose -n*h - 145 = -7*h. What is the remainder when 56 is divided by h?
27
Let o(c) = -5*c - 10. Let j be o(10). Let y = j - -75. What is the remainder when 42 is divided by y?
12
Suppose 11 = 3*a - 2*a. Suppose z = 4*z - 120. What is the remainder when z is divided by a?
7
Let l be -1*(-3 + 2)*7. Suppose 0 = -2*r - 4*s - 2, 3*r - l - 34 = 5*s. Let t = -28 + 32. What is the remainder when r is divided by t?
3
Suppose -3*s - 7 - 2 = 0. Let n(d) = -17*d. What is the remainder when n(s) is divided by 9?
6
Let o = -249 + 476. Calculate the remainder when o is divided by 76.
75
Let z(q) = 5*q**2 - 3*q. Let r be 15/(-45) - 32/3. Let n(p) = p**3 + 11*p**2 - 3. Let f be n(r). What is the remainder when z(f) is divided by 14?
12
Let b be 4/(-14) - (-1128)/(-168). Let h(t) = 6*t**2 + 15*t - 9. What is the remainder when h(b) is divided by 26?
24
Suppose -745 - 487 = -56*x. Let o(a) = a + 63. Calculate the remainder when o(0) is divided by x.
19
Suppose k + l = -4*k - 207, 204 = -5*k - 2*l. Let n = k + 53. What is the remainder when n is divided by 4/(8/6) + 1?
3
Suppose -5*x + 140 = 5*d, 0 = -3*d + 2*d + 2. Calculate the remainder when 102 is divided by x.
24
Let k(y) = -y + 15. Let r be k(-5). Suppose -l = -5*l + r. What is the remainder when 16 is divided by l?
1
Suppose 175*u - 213*u + 5928 = 0. Calculate the remainder when u is divided by 73.
10
Let t = -37 + 59. Let z(a) = a + 12. Let x be z(-10). Suppose 15 = h + 3*g - 0*g, -x*g = h - 14. Calculate the remainder when t is divided by h.
10
Let f(i) = -i**3 + 6*i**2 - 4*i. Let o be f(3). Suppose -5*g + o = -20. Let n(h) = h**2 + 6*h - 12. What is the remainder when g is divided by n(-8)?
3
Suppose 2*y + c - 109 = 0, 2*y + 167 = 5*y - 2*c. Calculate the remainder when 216 is divided by y.
51
Suppose 18*q - 15 = 21*q. What is the remainder when ((-111)/q)/((-15)/(-50)) is divided by 25?
24
Suppose r + r = 214. Let o = r + -102. Calculate the remainder when 34 is divided by o.
4
Let c = 5853 - 5848. Let s(m) = -2 + 3 - 8*m + 2*m. What is the remainder when s(-2) is divided by c?
3
Suppose 11*c - 7*c = -20. Let g(i) = 2*i**2 - 2*i - 10. Calculate the remainder when g(c) is divided by 26.
24
Let r = 14 + -6. Let d = r - 10. Let q = d - -19. What is the remainder when 65 is divided by q?
14
Calculate the remainder when -4 + (-64)/(-40)*20 is divided by 16.
12
Let i(c) = -23 + 94*c**2 - 15 - 93*c**2 + 9*c. What is the remainder when i(-16) is divided by (2/3)/(2/57)?
17
Let d = 296 - 78. What is the remainder when d is divided by 45?
38
Suppose 4*z + 5*v - 127 = 0, -44 - 21 = -2*z - 3*v. What is the remainder when 44 is divided by z?
16
Let n(y) = 108*y**2 - y - 1. Calculate the remainder when n(-1) is divided by 11.
9
Suppose 6 = l - 11. Let k(w) = -3*w - 2. Let j be k(6). What is the remainder when -10*(65 - -1)*2/j is divided by l?
15
Let m = 212 - 200. Calculate the remainder when (23 + -1 + 0)*2 is divided by m.
8
Suppose -z + 518 = 3*f, 3*f - 75 = 2*z - 1147. What is the remainder when z is divided by 173?
11
What is the remainder when 4 - 3 - (0 - 83 - -2) is divided by 19?
6
Suppose -5*k + 39 = -1. Suppose n + k = -2. Let w(y) = -y**2 - 13*y - 4. Calculate the remainder when w(n) is divided by 14.
12
Suppose 2*z - 14 + 0 = 0. What is the remainder when z is divided by 3?
1
Let g = -741 + 838. What is the remainder when 187 is divided by g?
90
What is the remainder when 6*((-532)/(-24) + 1) is divided by 5?
4
Let u(r) = r - 1. Let f be u(5). What is the remainder when 87 is divided by (-3 - f)*88/(-28)?
21
Let x(o) = 2*o - 9. Suppose -2*l - 20 = -6*l. Calculate the remainder when 4 is divided by x(l).
0
Let t be (2/(-3))/((-2)/135) - 1. Let p = 57 - t. What is the remainder when p is divided by 7?
6
Suppose 4*q + 8 = 0, 0 = 5*b + 4*q - 1896 + 519. Calculate the remainder when b is divided by 20.
17
Suppose 59*o - 63*o + 352 = 0. Calculate the remainder when 695 is divided by o.
79
Let w(g) = 6*g**2 - 35*g + 21. What is the remainder when w(8) is divided by 43?
39
Suppose 0 + 20 = 4*y. Suppose -y*v + 129 + 51 = 0. Suppose s = -4*w + 19 + v, 2*s + 5*w = 98. Calculate the remainder when s is divided by 10.
9
Let h(i) = 49*i + 23 + 48*i - 99*i. What is the remainder when 18 is divided by h(9)?
3
Suppose 28*f - 6 = 25*f. Suppose -f*z + 12*z - 310 = 0. Calculate the remainder when z is divided by 11.
9
Suppose i + 2*i = 396. Suppose -4*p + 23*s = 19*s - 128, -2*p = -4*s - 74. Calculate the remainder when i is divided by p.
24
Let s be 1 - (3 + (-10)/(2 + 0)). Suppose -3*j + s*k + 26 - 2 = 0, k = 1. What is the remainder when 22 is divided by j?
4
Let k be (-4 - -1)/(18/(-12)). Suppose k*w = -4*m + 38, -6*m + 7 = -2*w - m. Suppose -12 = -i + w. What is the remainder when i is divided by 6?
3
Let m = 2342 - 1561. Calculate the remainder when m is divided by 49.
46
Suppose -g - 40 = -5*g. Suppose 5*o = 4*o - 30. Let w = o + 48. What is the remainder when w is divided by g?
8
Let m be 795/(-13) + 18/117. Let x = m + 85. Calculate the remainder when 69 is divided by x.
21
Suppose -5*z - 67 + 17 = 0. Let c be 2/z + (-7)/(-35). Suppose 4*b + 6 - 110 = c. What is the remainder when b is divided by 9?
8
Let m(w) be the second derivative of w**4/3 - 2*w**3 + 7*w**2 + 13*w. Calculate the remainder when m(6) is divided by 18.
14
Let t(f) be the second derivative of f**4/12 + 3*f**3/2 - 11*f**2/2 + 4*f. Let p be t(-10). Calculate the remainder when ((-3)/p - 4)*-37 is divided by 13.
11
Let q(d) = 2*d. Let o(r) = 3*r + 92. What is the remainder when o(-24) is divided by q(6)?
8
Let j = 18 - 13. Let a(b) = b**2 - 4*b - 1. What is the remainder when 5 is divided by a(j)?
1
Suppose -8*l + 3336 = 1216. Let k = l - 188. Calculate the remainder when k is divided by 20.
17
Let l(f) = -f + 4. Let n be l(12). Let i = n + 52. Calculate the remainder when i is divided by 15.
14
Calculate the remainder when (-174)/4*144/(-108) is divided by 18.
4
Let l(c) = 6*c - c - 3 - 7*c + 2*c**2 - 4*c**3. Let n be l(-2). Let a = n - 4. Calculate the remainder when a is divided by 13.
11
Calculate the remainder when 50 is divided by -4 - (5 + -6 + 1) - -17.
11
What is the remainder when 8/(80/25)*122/5 is divided by 3?
1
Suppose -12*p + 10*p = -20. Calculate the remainder when (-858)/(-4) - p/20 is divided by 9.
7
Let y = -9 - -17. Suppose 2*s = y*s - 246. What is the remainder when 80 is divided by s?
39
Let b be (226/2 - -1)*1. Let r be 2 + b*(0 - -1). Suppose -3*t - 5*x = -127, 4*x = 5*t - t - r. What is the remainder when t is divided by 12?
10
Let u(r) = 17*r**2. Let k be (6/8)/(12/32). Calculate the remainder when u(k) is divided by 7.
5
Suppose -b + 6*b - 100 = -5*n, 3*n - 67 = 4*b. Calculate the remainder when 59 is divided by n.
17
Let v(j) = -79*j - 263. What is the remainder when 203 is divided by v(-4)?
44
Let z(c) = -25*c - 5